-11 + 28).
-17
-26 + 9 - ((11 - 6) + -2)
-20
What is the value of 21 + -38 + -17 - -43?
9
Evaluate (-1 - -4) + (-4 - -2) + 174 + -168.
7
What is 26 + -10 + -18 - 34?
-36
Calculate -16 + -9 + 3 + 5 + 8.
-9
Evaluate (-27 - (24 + -15 - 2)) + 16.
-18
What is the value of (-11 - (0 - 12)) + (12 - 6) + 0?
7
-2 + 42 - (-312 - -331)
21
What is the value of (0 + (0 - (2 + 4)) - -9) + -8?
-5
-18 + 8 - ((22 - 7) + -11)
-14
Calculate 1 + 0 + 22 + -43.
-20
What is 7 + -19 - (1 + -12)?
-1
Calculate (42 - 16) + -2 - 10.
14
Evaluate (14 - 5) + 0 + 14 + 1 + 6.
30
What is the value of (23 - 19 - 14) + -8?
-18
Calculate -3 - ((2 - 2) + 4 + -2) - -23.
18
Calculate -8 - -2 - -17 - (-30 + 27).
14
Evaluate 26 + -19 + 7 - 4.
10
Evaluate 34 - (46 + -26) - (2 - 2 - -2).
12
What is (-2 - (-18 + 2)) + (-11 - -8)?
11
What is the value of 0 - 2 - (1 - 1 - -4)?
-6
Calculate (42 - (14 + -17 + 10)) + -7.
28
What is -3 + (1 - 1 - (-3 - 1) - 3)?
-2
-1 + 6 + 39 + -30 + 2
16
What is -18 + (36 - 23 - -5)?
0
Evaluate (-17 - -5) + (30 - 13) + -24.
-19
Calculate (1 + 0 - 14) + -7 + -4 + 11.
-13
Evaluate -4 - (27 + -39) - (0 + 8).
0
(-6 - (-5 + -5 - -12)) + (3 - -5)
0
Evaluate -9 - (5 - (6 - (5 - 8))).
-5
Calculate -9 - -26 - 33 - -29.
13
What is the value of 27 + (-7 - 8) + -7?
5
What is (3 - (-1 - -8)) + (-122 - -116)?
-10
Evaluate -2 + 0 - (0 + -16 + 9).
5
What is the value of -55 + (38 - -10) + -31?
-38
Calculate 16 + -12 + 1 + -8.
-3
-1 + -5 + -6 + 5 + -6 + 4
-9
What is (-2 - 2) + 0 + 75 + -81 + 25?
15
What is the value of 25 + -46 + 34 + (0 - 0)?
13
Evaluate 1 - (-6 + 12 + 5 + -11 + 0).
1
-22 - (-8 + 23 - 10)
-27
Calculate 7 + (-2 + 3 + -5 - (-7 + 3)).
7
Evaluate 27 + (11 - (-2 + 2) - 9).
29
7 - 5 - 0 - (12 + -9) - 17
-18
-176 + 163 - (-1 + 9 + 0)
-21
What is (-11 - -8) + (-8 - -7)?
-4
What is (0 + 21 - 18 - (8 + 0)) + 20?
15
What is the value of (-30 - -16 - (-1 - 9)) + (3 - -12)?
11
Calculate (12 - (9 + -7)) + -19 + (-4 - 1).
-14
Evaluate 0 + 3 + 10 - (-28 + 34).
7
Calculate 5 + 1 - (-12 + -3 + 10).
11
Evaluate 250 - 254 - (-1 - 7).
4
What is the value of 24 + 4 + -10 + (-3 - (-1 - -1))?
15
What is 1 - 1 - (-137 + 130 + -5 + 0)?
12
Evaluate (4 + -10 - 6) + 1.
-11
What is the value of 17 + (2 - -2) + -34 + 20 - 10?
-3
What is (6 - 0 - 11) + 10 - -7?
12
What is 0 + 1 - (29 - (1 - -14)) - -2?
-11
What is the value of -6 - (-17 + (-11 - (-5 - 38)))?
-21
What is the value of (-3 - (-7 + 2) - -4) + 0 - -3?
9
Evaluate -7 + 22 + (-5 - 21).
-11
What is 6 + 2 + 1 + -18?
-9
4 - (0 + (-1 - 0)) - -3
8
What is the value of 19 + -28 + (4 - 5)?
-10
Calculate -5 + 0 - (-2 + -15 + 4 + -1).
9
What is 8 - (1 + 17 + 220 + -227)?
-3
What is the value of -4 - 0 - (-11 - (10 - 13))?
4
Calculate 10 + (5 - 18) - (4 + 1).
-8
What is the value of -14 - (-6 - (2 + 3 - 2))?
-5
Evaluate 33 + -32 + 6 + -29.
-22
Calculate 2 - ((-17 - -29) + -7).
-3
What is the value of -4 - ((-2 - 1) + 12) - (-29 + 27)?
-11
What is the value of (12 + 3 - (60 + -42)) + 3 + 0?
0
What is the value of (19 - 24 - -20) + -15?
0
What is 107 - 126 - (-35 - -1)?
15
Calculate 10 + -1 + 32 + -25 + 3 + -2.
17
Evaluate -2 - 10 - ((15 - (28 + -1)) + 17).
-17
7 + (18 + -5 - 10) - (0 - -19)
-9
Calculate -3 + (-16 - -30) + (-48 - -13).
-24
Calculate 105 - 79 - (4 - 0) - 4.
18
What is the value of 13 + (-2 - -4) + -8?
7
-10 - 1 - (-49 - -42 - -12)
-16
Evaluate -6 - (6 + -8 + 10).
-14
What is (16 - 9 - -8) + (-4 - -1)?
12
What is the value of (-12 - -1) + (61 - 49 - 9) + 25?
17
What is the value of (1 - -16) + 30 + -10 + -25?
12
(5 - (5 - 3) - 0) + (-47 - -45)
1
Calculate -12 + 10 + -9 + (-1 - 1).
-13
What is -3 + (4 - (-1 + 12 - (60 - 57)))?
-7
Calculate (0 - 1) + -46 + (-49 - -110).
14
Evaluate (2 - -4) + -10 + 1 - (13 + 3).
-19
Evaluate -41 - (-50 - 16 - -32).
-7
What is (-3 - (-1 + 12)) + (2 + -3 - -8)?
-7
Calculate 96 - 106 - (0 - 23).
13
What is the value of (-1 - (2 - 2)) + (-47 - -42)?
-6
8 - 19 - (-19 - 22)
30
Evaluate 2 + (31 - 1) + (9 - -8) + -20.
29
Calculate 5 - 17 - (16 + -39 + 32).
-21
What is the value of 4 - (-1 + 0) - 9 - 8?
-12
Evaluate 1 - -18 - (54 + -59).
24
What is the value of (0 - -12) + -2 - (-5 + (6 - 5))?
14
3 + 8 + 1 + -8
4
What is the value of 60 + -53 - (23 - 1)?
-15
Calculate -5 + (4 - -9) + (0 - 7) + -3.
-2
What is the value of -13 + 6 - (-4 - 28) - 11?
14
What is (10 - (-11 - -24)) + -10?
-13
-7 + 12 + -3 + 1
3
(-11 - 9) + 10 + (-2 - -4)
-8
What is the value of -20 - (-7 + (-7 - 4) + 4)?
-6
6 + ((1 - 12) + 9 - -6)
10
What is the value of (6 - (-16 + 6) - 17) + 0 + 0?
-1
What is the value of 11 + 2 - (24 + -17)?
6
Calculate (-11 - -1) + -5 - (3 - 0).
-18
Calculate (-8 + 20 - 4) + 4.
12
Calculate -8 - (7 + (7 - 9)).
-13
What is 426 - 426 - (0 + (-4 - -1) + 0)?
3
What is the value of 2 - (-18 - (16 - 55))?
-19
Calculate -7 + 27 + 14 + -21.
13
Calculate 11 + (4 - 1 - (-10 - (-19 + -1))).
4
What is the value of (6 - -2) + -7 - (11 - (-4 + 8))?
-6
Calculate -23 + 17 - -10 - 7.
-3
Evaluate ((-22 - -8) + 5 - 4) + (-6 - 0).
-19
Evaluate (17 - 9) + (3 - 8) - -1.
4
((6 - 0 - -3) + -6 - -2) + 0
5
-5 - (-4 + -2 + 10 + -6 + 4)
-7
10 + (-9 + -7 - -24)
18
What is the value of -27 - (-7 + (-30 - -23))?
-13
What is 7 + 2 + -98 + 91?
2
What is 0 + 1 - (-10 - ((-18 - -9) + -7))?
-5
(2 - -27) + (-7 - (2 + (-4 - -1)))
23
What is 2 + 1 - (704 + -680)?
-21
Evaluate (-43 - 0) + 36 - (-2 - -15).
-20
What is 1 + 18 - (-31 - (-48 + 25))?
27
What is 1 - (-3 + (6 - (-13 - -20)))?
5
(13 - (28 - 39)) + -54
-30
What is the value of 6 - 0 - (-9 + 14) - -13?
14
What is (51 - 34 - (2 + 7)) + -6?
2
Calculate -1 + (-13 - -8) + 9 + 11.
14
What is the value of 12 + (19 - (43 + 3))?
-15
What is the value of 0 - -42 - (-169 - -212)?
-1
29 + -28 + (-4 - 5)
-8
Calculate (0 + 33 + -8 - 8) + -5.
12
Calculate (-2 - -2) + -7 + 3 - (3 - 3).
-4
Calculate -6 + -45 + 26 + 15.
-10
What is (23 - (32 - 17)) + 6?
14
What is 1 - (1 + 3 + -2 + 12 + 0)?
-13
What is the value of 17 + 6 + -8 + 2 + -4?
13
5 + (2 + 6 - (0 - -7)) + 1
7
What is the value of (1 - 7 - -10) + 2 + -5?
1
What is -7 + -3 + (7 - 14)?
-17
What is the value of -4 - (3 + 0 - 1 - (1 - -8))?
3
Calculate (9 - 8 - -13) + -5.
9
What is the value of 34 + -3 + 0 + -1 + 987 + -993?
24
6 + -6 - -9 - (-10 - -2 - -3)
14
What is (15 - -26 - 45) + 1 + 0 + 3?
0
Evaluate -12 + (-6 - -16) + -3.
-5
Calculate (28 - 23) + (3 - 6).
2
Evaluate (-13 - (-2 - -2)) + 382 + -382.
-13
What is the value of (1 - (-1 + 0)) + -2 - (828 + -828)?
0
What is the value of 1 + 6 - 9 - 0?
-2
Evaluate -28 - (-32 + (26 - 1)).
-21
Evaluate -10 - (1 + (12 - 24)).
1
What is 0 + -2 - 0 - (3 + 7)?
-12
Evaluate 0 + 2 - -13 - 4 - (19 + -14).
6
(-15 - (2 - 12)) + 13
8
Calculate 9 - (-1 + 15 - -7).
-12
12 + 0 + 455 + -477
-10
Evaluate 1 + -3 + (9 - (3 + 3)).
1
Calculate 1 + 6 + 5 + -6 - (6 - 2).
2
What is 2 + -1 - (381 + -368)?
-12
What is -3 - ((16 - -7) + -16) - (1 - 13)?
2
What is the value of (7 - (-10 + -1 + 6 + 7)) + -6?
-1
Evaluate (-16 - (-21 - -7)) + (-8 - (4 + -6)).
-8
40 + -55 - ((-12 - -10) + (-1 - 3))
-9
What is the value of (8 - -8) + 38 + -28?
26
-7 - -10 - (20 - 8) - -9 - 31
-31
Calculate 1 + (-5 - -2) + -45 + (-83 - -168).
38
What is the value of 1 + (-9 - -15) - -10?
17
What is -68 - (-37 + -10) - (-3 - (4 + -2))?
-16
What is (21 - (-30 + 43)) + (0 - 23)?
-15
-6 + 30 - (-5 + -1 + 5 + 4)
21
What is the value of 63 - 68 - (7 + -3 + 3)?
-12
Evaluate -5 + -5 + (-53 - -75).
12
What is -20 + -1 + (-3 - (13 + -11) - -10)?
-16
Evaluate -4 - 1 - (-8 + (-1 - -9) - -8).
-13
What is the value of (7 + -1 - 11) + (-6 - -8) + -4?
-7
What is the value of 10 - 2 - (6 - (-11 - -28 - 15))?
4
Evaluate 0 - 3 - (-1 + 0 - (-358 - -359)).
-1
What is (6 - 0) + -10 - (5 + (5 - 6))?
-8
Calculate 89 + -71 + 0 + -12.
6
Calculate 2 + 1 - (-210 + 225).
-12
29 - (46 - -4) - (3 + -8 - -3)
-19
Evaluate (-5 - (2 - 10)) + 2.
5
What is the value of -28 + (21 - (2 - 0) - (8 - -2))?
-19
What is the value of 10 + 1 - (-33 + 56)?
-12
Evaluate 25 + -16 + (-20 - -4) + (3 - 13).
-17
What is (2 - 11) + (-4 + -3 - -33 - 8)?
9
What is the value of 103 - 98 - (1 - 2)?
6
Calculate -36 - (12 - 54) - 6.
0
What is -2 - (-7 - (-3 + 2) - (-8 + 0))?
-4
Evaluate (34 - 32) + (12 - 11) + -3.
0
Evaluate 7 - (-1 + -5 + 25).
-12
What is -39 - (13 + -33 + 2)?
-21
Calculate -9 + (-14 - (3